se 8 = -m*d, 0*d - d = -f. Let g(k) = -k**3 - k**2 + k + 2. Calculate g(f).
4
Let f(a) be the second derivative of -a**8/6720 - a**7/2520 + a**6/720 - a**4/12 + a. Let s(x) be the third derivative of f(x). Let v = -3 + 3. What is s(v)?
0
Let g(f) = -f**3 + 11*f**2 + 12*f + 13. Suppose c - 35 = -3*r, r - 2*c - 13 = -c. Calculate g(r).
13
Let p(r) = -3*r + 4 - 5 - 3*r**2 + 1 + r**3. Let j be p(4). Let h(c) = -5*c + 11*c + 2 + 5*c**2 - j*c**2. Determine h(-5).
-3
Let f(b) be the third derivative of b**5/60 + b**4/3 + 3*b**3/2 - 2*b**2. Let a = 2322 + -2329. Give f(a).
2
Let j(s) = s - 2. Let b be j(7). Suppose 0 = -w + 2 + b. Let i(y) be the third derivative of -y**4/24 + y**3/6 - y**2. Calculate i(w).
-6
Let h(s) = s**3 - 6*s**2 - 9*s + 8. Let j(t) = -t**3 + 45*t**2 - 2*t + 97. Let i be j(45). Calculate h(i).
-6
Let n(h) = 1. Let i(a) be the first derivative of -a**2 + 9*a - 7. Let s(p) = -2*i(p) + 18*n(p). Determine s(-2).
-8
Let g(t) be the second derivative of -t**3 - 3*t**2/2 - 114*t + 1. Give g(-1).
3
Let f(t) = 11*t + 3. Let h be f(-2). Let s be (7/(-6))/((-12)/216). Let b = s + h. Let y(x) = -x**2. Determine y(b).
-4
Let h(j) = 23*j. Let v(i) = -63*i - 1. Let p(u) = -11*h(u) - 4*v(u). Determine p(-13).
17
Let f = 3 - 1. Let i(z) = -z**3 - 5 - 5*z + 2 + 6 - 5*z**f. Let w = -45 - -41. Determine i(w).
7
Let m(x) = 3*x + 1. Let d(a) = -2*a - 16. Let h be d(-11). Suppose 0 = -h*v - 142 + 22. Let z be (4/(-5))/(v/(-50)). Give m(z).
-5
Let h(z) = -z - 3. Let c(x) = -2*x + 12*x**3 - 4*x**3 - x**2 - 3 - 7*x**3. Let i be c(0). Determine h(i).
0
Let i(b) = 11*b**3 + 11*b**2 - 23*b - 17. Let k(x) = 7*x**3 + 7*x**2 - 15*x - 11. Let y(r) = -5*i(r) + 8*k(r). Suppose f = 2, 0*f - 5*f = -5*u - 25. Give y(u).
-6
Suppose 11*n - 2*n = 0. Suppose n = t + 1 - 8. Let z(c) = -c**2 + 5*c + 7. Determine z(t).
-7
Let b(n) = 960*n**3 - 962*n**3 + 2*n**2 - 2 + 0 + 0 + n. Give b(2).
-8
Let j(g) = -3*g**3 + 13 + 4*g**3 - 489801*g + 489817*g - 17*g**2. What is j(16)?
13
Let w = 108 + -112. Let n(t) = t**2 + 5*t + 5. Determine n(w).
1
Let o(i) = 22*i**2 + 5*i + 25. Let f(u) = 9*u**2 + 12. Let q(d) = -5*f(d) + 2*o(d). Calculate q(9).
-1
Let v(q) be the second derivative of -q**7/2520 + q**5/40 + 7*q**4/6 + 22*q. Let s(m) be the third derivative of v(m). Determine s(-3).
-6
Let w(u) = -u**2 + 11*u - 14. Let r = 232 + -222. What is w(r)?
-4
Let q be 4/50 - (-2)/(-25). Let d(u) be the second derivative of -1/2*u**2 + 1/12*u**4 - 2/3*u**3 + 7*u + q. Determine d(3).
-4
Let r(y) be the first derivative of y**2 - 2*y + 23. Determine r(2).
2
Let y(x) = -x**2 - 1. Let i be y(-2). Let l(b) be the second derivative of b**3/6 - 3*b**2 - 4*b. Calculate l(i).
-11
Let f(q) = -q**2 + 12*q - 9. Let p be f(4). Let s = p - 21. Let g(h) = 2*h**2 + 2*h**s + 4 + h**2 - 6*h**2. Give g(-3).
-5
Let z(x) = 8*x - 4. Let g be z(1). Let s(o) = -16 + o**2 - 11 - g*o + 25. Calculate s(4).
-2
Suppose 0 = -2*p + 4*v + 536, 5*p - 1295 = 3*v - 2*v. Let r(g) = -p*g**2 + g**3 - 1 - 5 - 3*g + 262*g**2. Give r(-4).
6
Let v(r) be the first derivative of -r**2/2 + 6*r - 148. What is v(3)?
3
Let i(c) = -c**2 + c + 7. Let m(h) be the first derivative of 5*h**2/2 + 20*h + 27. Let j be m(-4). Calculate i(j).
7
Let s(o) = o**2 - 8*o - 30. Suppose 0*p + 77 = 7*p. Determine s(p).
3
Let y(g) = g**3 + 12*g**2 - 11*g. Let m(b) = -3*b**3 - 39*b**2 + 34*b + 1. Let v(c) = 2*m(c) + 7*y(c). What is v(-7)?
16
Let t(l) be the second derivative of -8/3*l**3 + 10*l + 0 - 21/2*l**2. Let h(f) = 11*f + 14. Let b(g) = 7*h(g) + 5*t(g). What is b(-5)?
8
Let g(x) = x**2 + 3*x - 2. Let i(c) = 61*c**3 + 2*c**2 - 1. Let s be i(-1). Let p = 42 + s. Let a = 15 + p. Give g(a).
-2
Suppose -11*z + 7*z - 41 = -5*s, -30 = -2*s + 5*z. Let x(j) = -j**3 + 5*j**2 - 2*j + 4. Give x(s).
-6
Let l be -3 - (1 - (10 + -2)). Let s(y) = -5*y + 0 + l*y + 1 + 7. Let c(n) = 3*n - 23. Let f(x) = -4*c(x) - 11*s(x). What is f(6)?
-2
Let z(i) = -i + 8. Suppose -2*k + 5*r + 2 = 0, 2*k - 4*r = -3*k + 22. Calculate z(k).
2
Let z(d) = -d**2 + 5*d - 2. Let n(w) = -4*w**2 + 19*w - 9. Let l(u) = -2*n(u) + 9*z(u). Let y(s) = -s**2 - 14*s + 20. Let x be y(-15). Calculate l(x).
10
Let o = 1536 + -1539. Let k(f) = f + 4. Let s(q) = -6. Let v(g) = -1. Let u(c) = s(c) - 5*v(c). Let z(y) = -k(y) - 2*u(y). Calculate z(o).
1
Suppose -15 = -23*d + 28*d. Let u(m) = -m**2 + 2*m + 4. Give u(d).
-11
Let t(d) = -3*d**3 - 2*d**2 - 3*d - 4. Let p(u) = 2*u**3 + u**2 + 1. Let v(y) = -2*p(y) - t(y). Calculate v(-2).
4
Let f(l) = -22*l**2 + 56*l**2 - 30*l**2 - 3*l - 52*l**3 + 53*l**3. Suppose 2*q + 2 = -8. Determine f(q).
-10
Let m(l) = 46 - 6*l**2 + 7*l**2 - 95 + 43. Let r be (-2)/(-7) + 8/(-28). Determine m(r).
-6
Let p = 10 - 7. Let v be (-3 + 125)/(-1 + p). Let r(i) = -31 - 33 + 7*i + v + i**2. Determine r(-7).
-3
Suppose 5*j - 9 = -a + 11, 4 = 3*j - a. Suppose -j*o = w + 12, -4*o - 2*w - 18 = -0*w. Let u(f) = -f**3 - 4*f**2 - 3*f - 4. Calculate u(o).
-4
Let g(t) = 3*t**3 - 2*t + 1. Let q be g(1). Suppose 0 = q*z + 2 + 10. Let n(o) be the first derivative of -o**4/4 - 7*o**3/3 - 3*o**2 - 5*o - 2. Determine n(z).
-5
Let n(j) = -j**2 - 7*j - 5. Let p(s) = 2*s**3 - 13*s**2 + 2*s + 21. Let d be p(6). Calculate n(d).
7
Let r(c) = -45 + 2*c**3 - 3*c - 8*c - 2*c**3 - 10*c**2 + 32 - c**3. Calculate r(-9).
5
Let o(f) be the second derivative of f**4/24 - f**3/3 - f**2 + 12*f. Let h(x) be the first derivative of o(x). Suppose 4*g = 22 - 6. Calculate h(g).
2
Let y(a) = 97*a**2 + 5 + 7*a + 100*a**2 - 392*a**2 + 101*a**2 + 95*a**2. Determine y(-5).
-5
Let g(p) = -p**3 + 2*p**2 + 2*p - 2. Suppose -i + 4 = i. Let b be g(i). Suppose -6 = 4*k + b. Let v(u) = u**3 - 3*u - 2. What is v(k)?
-4
Let l(k) = 3*k - 526*k**2 + 7 + 262*k**2 + 263*k**2 + 1 + 2*k. Give l(6).
2
Let o = -30 - -97. Let w = o + -73. Let k(y) = -y - 9. Give k(w).
-3
Let b = -1 + 3. Let k be (2/(-6)*b)/((-14)/(-147)). Let p(v) = -v**2 - 10*v - 6. What is p(k)?
15
Let v(i) be the third derivative of 1/120*i**6 + 0 + 12*i**2 + 0*i**4 + 0*i - 3/2*i**3 + 1/60*i**5. Determine v(0).
-9
Let h(a) = 4*a**3 - 2*a**2 - a + 1. Let k(j) = -2*j**3 - j**2 + 16*j + 2. Let m be k(0). Give h(m).
23
Suppose -5 + 70 = a. Let v(j) = a + 66 - 131 - j. Determine v(11).
-11
Suppose 4*g = 10*g - 30. Let z(b) = b - 12. Let t(k) = k - 12. Let f(h) = g*t(h) - 4*z(h). Calculate f(10).
-2
Let s be ((-1)/(-2))/((-1)/2). Let u(n) be the first derivative of -1/3*n**3 - n - n**2 - n**4 - 1. Calculate u(s).
4
Let t(v) be the second derivative of 2*v**3/3 + 4*v**2 - 30*v. Give t(6).
32
Let q(o) be the second derivative of -o**4/12 - o**3/6 - 49*o. Suppose -u - m + 7 = m, -5*u - 4 = -3*m. Calculate q(u).
-2
Let t(j) = -j**3 + j**2 + 13. Suppose 15*l - 13*l = 0. Calculate t(l).
13
Let f(p) = 2*p**2 - 6*p + 2. Let s be 72/(-48)*-8*46/12. Let x = -42 + s. Determine f(x).
10
Suppose j = 4*j + 9. Let b(x) = 3*x. What is b(j)?
-9
Suppose 0 = j - 6, -j + 5 = 5*g + 4*j. Let n(x) = -2*x + 2*x - 3*x + 2. What is n(g)?
17
Suppose 4*q - 2*z = 28, -3*q + 24 = -2*z + 4. Let x(b) = -17 + 7 + 11 - q*b. Calculate x(2).
-15
Suppose -2*t + 5 = -r + 4, r - t - 3 = 0. Let z(n) = 8*n - 1 - 2 - 8*n**2 + 2 + n**3. Calculate z(r).
6
Let n be (3/9)/(2/6). Let h(u) = u. Let w(q) = 2*q + 1. Let j(c) = -3*h(c) - w(c). Determine j(n).
-6
Suppose 6*c + 8 = 10*c. Suppose 0 = c*b - b. Let o(s) = s**3 + s - 8. What is o(b)?
-8
Let t(c) = c + 28. Let y be t(-10). Let b(q) = q**2 - 19*q + 20. Let x be b(y). Let l(h) = 3*h**2 - h + 1. What is l(x)?
11
Let i(k) = -k**2 + 2*k + 3. Let y(z) = -4*z**2 + 5*z + 9. Let w(o) = 7*i(o) - 2*y(o). Let t be 0/(-1) + (7 - -2). Suppose t + 3 = -3*m. Determine w(m).
3
Let v(i) = -i**2 + 6*i - 2. Let k = -57 + 59. Suppose 4*s = -3*w - 3 + 28, k*w + 2 = 0. Give v(s).
-9
Suppose 2*t + b - 14 = 0, -5*t + 35 = 6*b - 4*b. Let v(x) be the third derivative of x**6/120 - 2*x**5/15 + x**4/3 - x**3/3 + x**2. Calculate v(t).
5
Let v(r) = -29 - 2*r + 65 - 28 + 12*r - r**2. What is v(8)?
24
Let h be 1/(4/10)*4. Let u(w) = -3*w - 6. Let z(r) = 19*r + 29. Let t(s) = 6*u(s) + z(s). Give t(h).
3
Let a = -3 - -4. Suppose -4*n = -23 - a. Let j(f) = -14*f + 11. Let o(t) = 5*t - 4. Let h(r) = -6*j(r) - 17*o(r). Calculate h(n).
-4
Let g(p) = 2*p**2 + 22*p - 6. Let q be (-3 - -2)*(-5 + 16). Let w 